
-4
Convert -74 (base 8) to base 5.
-220
What is -3 (base 8) in base 14?
-3
-25 (base 14) to base 5
-113
Convert -7 (base 8) to base 3.
-21
What is -b (base 15) in base 14?
-b
0 (base 9) to base 10
0
Convert db (base 15) to base 8.
316
What is 141 (base 6) in base 9?
67
-78 (base 9) to base 7
-131
What is d0 (base 15) in base 11?
168
-110111 (base 2) to base 14
-3d
1 (base 4) to base 14
1
6 (base 12) to base 15
6
Convert 4d (base 15) to base 5.
243
302 (base 7) to base 8
225
Convert -101 (base 2) to base 10.
-5
Convert -6 (base 11) to base 12.
-6
178 (base 13) to base 15
12d
What is 44 (base 15) in base 12?
54
What is -22 (base 5) in base 16?
-c
Convert 20 (base 3) to base 8.
6
Convert 31 (base 4) to base 3.
111
Convert 10 (base 3) to base 12.
3
-5 (base 11) to base 9
-5
Convert -202 (base 3) to base 2.
-10100
-146 (base 15) to base 9
-353
Convert 15 (base 6) to base 9.
12
Convert 1 (base 8) to base 4.
1
What is -35 (base 11) in base 13?
-2c
Convert 13 (base 15) to base 5.
33
Convert -12 (base 4) to base 5.
-11
What is -16 (base 9) in base 7?
-21
-1 (base 12) to base 7
-1
Convert 110201 (base 3) to base 6.
1331
-2 (base 14) to base 10
-2
Convert 13 (base 8) to base 16.
b
What is -13 (base 14) in base 6?
-25
What is 0 (base 14) in base 4?
0
What is -114 (base 6) in base 8?
-56
Convert -36 (base 7) to base 5.
-102
What is -1 (base 16) in base 13?
-1
59 (base 15) to base 10
84
What is 10200 (base 3) in base 15?
69
Convert 23 (base 4) to base 10.
11
Convert -1312 (base 5) to base 12.
-153
-440 (base 6) to base 10
-168
What is 9 (base 12) in base 4?
21
-115 (base 7) to base 4
-331
Convert 3 (base 15) to base 4.
3
Convert 1 (base 3) to base 15.
1
What is 12 (base 3) in base 10?
5
-7 (base 14) to base 13
-7
What is 10 (base 3) in base 4?
3
What is 10100 (base 2) in base 6?
32
36 (base 12) to base 4
222
-101 (base 2) to base 15
-5
-11 (base 8) to base 14
-9
Convert 12 (base 9) to base 10.
11
Convert 96 (base 16) to base 7.
303
Convert 3 (base 5) to base 12.
3
What is 4 (base 13) in base 6?
4
-2 (base 14) to base 6
-2
What is 2 (base 15) in base 13?
2
Convert -76 (base 9) to base 16.
-45
Convert -14 (base 14) to base 12.
-16
211 (base 5) to base 16
38
Convert 5 (base 11) to base 4.
11
Convert a (base 16) to base 4.
22
-51 (base 7) to base 10
-36
-144 (base 5) to base 10
-49
What is 9 (base 14) in base 5?
14
Convert 10 (base 15) to base 9.
16
Convert 27 (base 11) to base 15.
1e
What is -4 (base 13) in base 5?
-4
Convert -1 (base 4) to base 16.
-1
Convert 200 (base 4) to base 3.
1012
-142 (base 5) to base 2
-101111
Convert 0 (base 15) to base 10.
0
What is -3b (base 12) in base 8?
-57
What is 301 (base 4) in base 6?
121
What is 1 (base 3) in base 8?
1
Convert -10 (base 2) to base 3.
-2
What is -10 (base 2) in base 16?
-2
What is -3 (base 12) in base 16?
-3
Convert 13 (base 16) to base 3.
201
What is 30 (base 12) in base 2?
100100
Convert -11001110 (base 2) to base 5.
-1311
What is -241 (base 8) in base 16?
-a1
What is 25 (base 9) in base 16?
17
What is 12 (base 5) in base 9?
7
2 (base 8) to base 3
2
Convert -11 (base 3) to base 7.
-4
-96 (base 10) to base 6
-240
1010101 (base 2) to base 15
5a
5 (base 12) to base 10
5
-48 (base 13) to base 5
-220
Convert 18 (base 16) to base 6.
40
Convert a (base 12) to base 10.
10
39 (base 14) to base 13
3c
-32 (base 8) to base 12
-22
What is 3 (base 14) in base 2?
11
What is -3 (base 13) in base 14?
-3
1 (base 14) to base 16
1
What is -3 (base 10) in base 14?
-3
-12002 (base 3) to base 14
-9b
What is -10 (base 16) in base 14?
-12
What is -51 (base 6) in base 4?
-133
Convert -3 (base 12) to base 9.
-3
9 (base 15) to base 8
11
102 (base 9) to base 5
313
What is 3 (base 6) in base 16?
3
Convert -105 (base 8) to base 6.
-153
Convert 11 (base 10) to base 3.
102
-101011 (base 2) to base 14
-31
1 (base 6) to base 2
1
Convert -22 (base 6) to base 14.
-10
Convert -40 (base 7) to base 3.
-1001
What is -16 (base 16) in base 7?
-31
What is -5 (base 11) in base 7?
-5
-14 (base 11) to base 14
-11
What is -1111 (base 2) in base 12?
-13
Convert 8 (base 15) to base 16.
8
Convert 353 (base 7) to base 13.
113
What is -2 (base 6) in base 2?
-10
Convert 6f (base 16) to base 15.
76
a0 (base 15) to base 12
106
Convert 4 (base 14) to base 8.
4
What is b6 (base 14) in base 3?
12221
Convert 10220 (base 4) to base 6.
1212
What is -5 (base 14) in base 5?
-10
Convert -25 (base 13) to base 4.
-133
125 (base 8) to base 5
320
21 (base 11) to base 3
212
Convert -102 (base 4) to base 15.
-13
-3 (base 13) to base 15
-3
Convert -32 (base 5) to base 12.
-15
What is 9 (base 11) in base 5?
14
-32 (base 16) to base 8
-62
What is 23 (base 9) in base 2?
10101
-21 (base 13) to base 16
-1b
What is -304 (base 9) in base 7?
-502
-4 (base 14) to base 10
-4
Convert 10010 (base 2) to base 7.
24
1 (base 16) to base 3
1
What is 100 (base 3) in base 10?
9
106 (base 15) to base 12
173
What is 20 (base 3) in base 5?
11
Convert 4 (base 6) to base 10.
4
What is 5 (base 11) in base 10?
5
What is 13 (base 12) in base 15?
10
Convert -226 (base 8) to base 11.
-127
8a (base 13) to base 15
79
Convert 22 (base 8) to base 12.
16
What is 7 (base 12) in base 9?
7
1 (base 6) to base 11
1
Convert 3 (base 6) to base 12.
3
What is -4 (base 16) in base 2?
-100
225 (base 6) to base 8
131
16 (base 13) to base 14
15
Convert -6 (base 14) to base 7.
-6
-133 (base 5) to base 13
-34
What is -2 (base 12) in base 7?
-2
What is -41 (base 11) in base 15?
-30
90 (base 11) to base 16
63
2202 (base 4) to base 9
200
What is -90 (base 10) in base 2?
-1011010
What is 4 (base 5) in base 11?
4
Convert -401 (base 7) to base 15.
-d2
What is -3 (base 6) in base 13?
-3
What is 6 (base 8) in base 3?
20
22 (base 3) to base 8
10
Convert -43 (base 6) to base 13.
-21
-1002 (base 3) to base 16
-1d
What is -4 (base 11) in base 16?
-4
-4 (base 8) to base 3
-11
Convert 2 (base 9) to base 12.
2
Convert -2310 (base 5) to base 10.
-330
Convert 10 (base 13) to base 15.
d
Convert 21 (base 6) to base 4.
31
-30 (base 4) to base 14
-c
137 (base 9) to base 15
7a
What is -4a (base 13) in base 11?
-57
Convert c (base 16) to base 13.
c
What is -4 (base 14) in base 10?
-4
Convert -4 (base 7) to base 5.
-4
-42 (base 6) to base 2
-11010
Convert 1 (base 9) to base 16.
1
2 (base 16) to base 3
2
Convert 0 (base 7) to base 5.
0
1 (base 12) to base 14
1
11 (base 7) to base 14
8
-1031 (base 6) to base 2
-11101011
What is 10110 (base 2) in base 15?
17
Convert 19 (base 13) to base 7.
31
What is -b (base 14) in base 16?
-b
What is 2 (base 7) in base 12?
2
What is -2 (base 14) in base 9?
-2
What is 205 (base 6) in base 9?
85
What is 0 (base 10) in base 7?
0
What is -112 (base 3) in base 10?
-14
What is 25 (base 13) in base 9?
34
What is -5b (base 12) in base 13?
-56
What is 1 (base 2) in base 4?
1
-2 (base 3) to base 10
-2
Convert 3 (base 9) to base 16.
3
Convert -3 (base 8) to base 15.
-3
What is -182 (base 13) in base 11?
-230
Convert 4 (base 14) to base 13.
4
Convert -27 (base 8) to base 3.
-212
Convert 6 (base 10) to base 13.
6
Convert -15 (base 12) to base 9.
-18
121 (base 3) to base 6
24
Convert -233 (base 7) to base 13.
-95
Convert 12 (base 7) to base 12.
9
-5 (base 13) to base 12
-5
What is -92 (base 14) in base 7?
-242
What is 3 (base 6) in base 7?
3
What is -12 (base 3) in base 16?
-5
-82 (base 9) to base 13
-59
Convert -2c (base 13) to base 4.
-212
What is -2 (base 8) in base 13?
-2
1 (base 3) to base 6
1
Convert 2 (base 11) to base 5.
2
What is 2 (base 16) in base 10?
2
What is -199 (base 12) in base 6?
-1113
What is -7 (base 10) in base 8?
-7
What is 507 (base 9) in base 15?
1c7
Convert 10 (base 8) to base 14.
8
0 (base 4) to base 7
0
Convert -10 (base 16) to base 9.
-17
What is 27 (base 16) in base 9?
43
Convert -2122 (base 3) to base 7.
-131
What is -5 (base 8) in base 7?
-5
What is 1002 (base 4) in base 13?
51
37 (base 9) to base 5
114
What is 7 (base 15) in base 11?
7
-100101101 (base 2) to base 11
-254
Convert 3 (base 5) to base 11.
3
Convert 6 (base 10) to base 5.
11
c (base 14) to base 15
c
Convert 87 (base 15) to base 9.
151
What is -2 (base 4) in base 16?
-2
-22 (base 13) to base 11
-26
What is -36 (base 8) in base 7?
-42
Convert 41 (base 6) to base 2.
11001
Convert -1 (base 8) to base 6.
-1
What is -9 (base 11) in bas